 = 101 + k. List the prime factors of m.
89
Suppose -3*c + 5*g + 17 = 0, 0*g = 3*c + g - 11. Suppose -105 = 2*b + 3*b. What are the prime factors of b/(-1) - c/2?
19
Suppose 0 = 3*r + 5 - 62. Let j = r + -15. What are the prime factors of j?
2
Let n(a) = 281*a**3 - 4*a**2 + 4*a - 5. List the prime factors of n(2).
3, 5, 149
List the prime factors of (-1 + -5 - -89) + 2/(-1).
3
Suppose -3*f + 5*w = -1048, 3*w + 667 = 5*f - 1069. What are the prime factors of f?
2, 173
Let o be 140/21*102/5. Suppose -5*w + o - 16 = 0. List the prime factors of w.
2, 3
Let t be 1*(-1 - 4/(-2)) + -4. List the prime factors of 0 + -70*t/6.
5, 7
Suppose 79 + 83 = 3*m. Suppose -11*x = -9*x - m. What are the prime factors of x?
3
What are the prime factors of (0 - 0 - (-5 + 188))/(-1)?
3, 61
Let h = 31 + -31. Suppose 4*x = -h*x + 224. Suppose 149 + x = 5*y. List the prime factors of y.
41
Let o = 12 - 8. Let p be 11/(-11) + o/1. What are the prime factors of 1/(p/(-60)*-2)?
2, 5
Let u(b) = 2*b + 3. Let w be u(-5). Let h = w + 183. Let p = -103 + h. List the prime factors of p.
73
Let y = 143 + -73. Let f = y - -12. What are the prime factors of f?
2, 41
What are the prime factors of 34/(-3)*2193/(-34)?
17, 43
Suppose 8*y = 3*y. Suppose y = -j - 12 - 0. List the prime factors of (-104)/j + 4/(-6).
2
Suppose -4*y = -4*v - 0*y - 8, 0 = -v - 4*y + 23. Suppose -3*o = -3*z - 12, -2*o + o + v*z + 8 = 0. Suppose -20 = -s + o. What are the prime factors of s?
2, 11
Let r = 56 + -29. Let h be ((-8)/(-10))/((-20)/(-150)). Suppose r = b + h. What are the prime factors of b?
3, 7
Let z = -2890 + 4326. What are the prime factors of z?
2, 359
Let b = 1309 + -933. List the prime factors of b.
2, 47
Let x(f) = -23*f**2 - 3. Let v be x(5). Let z = -281 - v. Suppose -z = -5*j + 3*k, 0 = j - k + 6*k - 37. List the prime factors of j.
3, 19
Let i(b) = 5*b**2 - 3*b + 29. Let q = 113 + -109. What are the prime factors of i(q)?
97
Suppose -2 = -0*f + 4*f - 5*j, 3*f - j + 7 = 0. What are the prime factors of f + 0 - (-5 - -6)*-119?
2, 29
Let z = 60 - 58. List the prime factors of 2 - (-1 - (126 - z)).
127
Let z(x) = -20*x**3 - x**2 + 2*x + 4. Let j = -31 - -29. List the prime factors of z(j).
2, 3, 13
Suppose 4*y - 33 = -17. Suppose -3*m + 5*x = -m - 94, y*x = -4*m + 160. What are the prime factors of m?
2, 3, 7
Let j(v) = v**3 + 8*v**2 - 11*v - 18. Suppose 16 = -4*z - 16. What are the prime factors of j(z)?
2, 5, 7
Let t be (80/(-15))/(-2)*(-54)/(-8). What are the prime factors of 116*((-4)/t + 213/108)?
7, 29
Let l(d) = -23 + 9*d - 21*d - 12. List the prime factors of l(-7).
7
Suppose -o = 2*n - 311, 4*o - 732 = 2*n + 462. List the prime factors of o.
7, 43
Let f = 1534 - 948. List the prime factors of f.
2, 293
Let k(j) = j + 20. Let c(a) = -a + 1. Let t be ((-22)/(-4))/(4/8). Let g be c(t). What are the prime factors of k(g)?
2, 5
Suppose -5 = 2*s - 31. Let o be 2/s - (-30084)/156. Suppose 1 - o = -4*p. What are the prime factors of p?
2, 3
Let z be 2 + (-178)/10 + (-3)/15. What are the prime factors of (-4)/z - 254/(-8)?
2
Let v(q) = 5*q**2 - 8*q - 9. Let c = 17 + -21. What are the prime factors of v(c)?
103
Suppose -5*c = -3*v - 29, -6*c + 17 = -c + v. Suppose 0 = c*m + 8, 4*m + 180 = 5*d - m. List the prime factors of d.
2, 17
Let m = -1982 + 5287. List the prime factors of m.
5, 661
Suppose -8*v - 7 = -15*v. List the prime factors of (4/v - -28) + 0.
2
Suppose -4*g = y - 187, -2*g + 197 = 6*y - 5*y. List the prime factors of y.
3, 23
Let p = 7952 - 4656. What are the prime factors of p?
2, 103
Suppose 5*b = -5*x + 8*x - 1637, -4*x + 5*b = -2176. What are the prime factors of x?
7, 11
Let h = 762 + -407. What are the prime factors of h?
5, 71
What are the prime factors of 31525/130*(-8)/(-5)?
2, 97
Let c(u) = 2*u + 34. Let m be c(-22). List the prime factors of (-24)/m*(0 - (-1100)/15).
2, 11
Suppose 5*h = 20, 4*u = 2*u + 4*h + 52. What are the prime factors of u/(4*(-1)/(-8))?
2, 17
Suppose -3*u = -6*u - 3*b + 135, 4*b = 2*u - 78. Suppose 3*i = 53 + u. What are the prime factors of (i/(-12) - 0)*-3?
2
Let u = -1465 + 2424. List the prime factors of u.
7, 137
Let o = -599 - -165. Let y = -270 - o. List the prime factors of y.
2, 41
Suppose -j + 516 = 2*f - 3*j, -j - 4 = 0. List the prime factors of f.
2, 127
Let t(k) = 8*k**2 - 79*k + 13. What are the prime factors of t(-11)?
2, 5, 37
Suppose -4*j = -j - 3. Let v be j/(-2 - 0)*-104. Let w = -20 + v. What are the prime factors of w?
2
What are the prime factors of 2*1*(582 - 70)?
2
Suppose -33*y = -32*y - 2. Suppose 3*u - 44 - 29 = 2*g, y*g - 8 = 0. What are the prime factors of u?
3
Suppose 0 = -5*u - 5, 0 = 5*r - 3*u - 44 - 114. Suppose -r + 5 = -2*f. Suppose 11 = 3*x + p, 0 = -6*x + 2*x - p + f. List the prime factors of x.
2
Let w be 45 + 7 + 7 + -3. Suppose -5*q - 10 = -s + 18, 5*q = 2*s - w. What are the prime factors of s?
2, 7
Let m(k) = -2*k + 3. Let z be m(-4). Suppose -z*v - 47 = -12*v. What are the prime factors of v?
47
Let j(f) = -6*f + 38 - 12 - 18. What are the prime factors of j(-7)?
2, 5
Let b = -428 - -262. What are the prime factors of (-9)/6*b/3?
83
Let x(h) = h**2 - 3*h + 2. Let g be x(4). Let d(m) = 4*m + 14. What are the prime factors of d(g)?
2, 19
What are the prime factors of 1/5 + ((-4845)/(-25) - 6)?
2, 47
Let a be (-9)/2*(13 - 88/8). Let g(h) be the second derivative of -h**4/12 - 2*h**3 - 13*h**2/2 - 2*h. What are the prime factors of g(a)?
2, 7
Let p(j) = j - 1. Let z(l) = -6*l - 4. Let b(q) = 4*p(q) + z(q). Let m be b(0). What are the prime factors of 1044/28 + m/28?
37
Let v = -40 + 34. Let y(g) = -3*g - 1. Let b be y(-2). Let x = b - v. List the prime factors of x.
11
Suppose 5*f - 17 = z, -3*z + f + 36 = 157. Let v = -5 + 3. Let g = v - z. List the prime factors of g.
2, 5
Let x be 23/(-4 - (-9)/2). Suppose -x*w = -41*w - 40. List the prime factors of 2*2*(w + 10).
2, 3
Let u(z) = z**2 - 19*z - 220. List the prime factors of u(39).
2, 5, 7
Suppose 0 = 3*t + 2*t + 20. Let f be (-10)/15 + t/(-6). Suppose s + 0*s - 20 = f. What are the prime factors of s?
2, 5
Suppose 0 = 3*x - 14 + 2. Suppose 110 = x*g - 166. List the prime factors of g.
3, 23
Let t(v) = -v**3 + 5*v**2 + 3*v + 5. Let g = -21 + 12. Let b(i) = -i**2 - 11*i - 13. Let h be b(g). What are the prime factors of t(h)?
2, 5
Let r = 14 + -13. Let k be 11 + r/((-1)/4). What are the prime factors of (-7)/(-1)*6/k?
2, 3
Let s be ((-70)/21)/((-2)/48). Suppose 0 = -4*i - m + 76, 8*i - 4*i + 2*m = s. Suppose -5*v + i = -47. What are the prime factors of v?
13
Let f = 326 + -175. Suppose -4*h = 2*c - 391 - f, -4*c + 5*h + 1110 = 0. List the prime factors of c.
5, 11
Suppose 73*l = 48*l + 86500. What are the prime factors of l?
2, 5, 173
Suppose -16*z = -6686 - 5506. List the prime factors of z.
2, 3, 127
List the prime factors of (-58056)/(-76) + 12/114.
2, 191
Let s = -139 + 75. Let u = s + 140. What are the prime factors of u?
2, 19
Let u(o) = -161*o - 19. List the prime factors of u(-3).
2, 29
Suppose -27 = -2*s + 13. Let f = s + 56. What are the prime factors of f?
2, 19
Let i(z) = 2*z**2 + 8*z - 19. Let s be i(-10). Suppose 0 = 3*l + 5*d - s, -3*d = -5*l - 69 + 294. List the prime factors of l.
2, 3, 7
Suppose -14 = s - 2*u, 0 = 2*s + 3*u - 5 + 19. Let m(a) = a**2 + 11*a + 13. Let o be m(s). What are the prime factors of (2 - 5) + 39/o?
2, 5
Suppose 31*q + 14170 = 36*q. List the prime factors of q.
2, 13, 109
Let d(r) = 40*r**3 + 3*r**2 + 5*r + 5. Let y(p) = 21 + 11*p + 80*p**3 + 7*p**2 - 29 + 19. Let u(i) = -9*d(i) + 4*y(i). List the prime factors of u(-1).
41
Let d(o) = -2*o - 15. Let s be d(19). Let a = -39 - s. Suppose l + a = 45. What are the prime factors of l?
31
Let b(k) = k. Suppose 2*d + 5 = -3*d - 4*l, -2*d = 3*l + 9. Let t(v) = v**3 + 2*v**2 + v + 2. Let i(w) = d*b(w) - t(w). What are the prime factors of i(-4)?
2, 11
Suppose 7*d = 2*d + 1765. Suppose 3*n + 18 = 2*x + d, 110 = n + x. List the prime factors of n.
3, 37
Suppose 2 = -0*a - a - j, 4*j = 2*a - 2. What are the prime factors of -5 + 6 + a + 110?
2, 5, 11
Let c(u) = u**3 - 12*u**2 + 12*u - 12. Let x be c(11). Let t = -1 - x. Suppose 2*k = -2*w - t*w + 94, -k + 35 = -3*w. What are the prime factors of k?
2, 11
Suppose -3*u = -4*u + 544. List the prime factors of u.
2, 17
Su